+ 6 - k + 4*k. Let b be j(6). Suppose 3*z - 9 = -b*z. What are the prime factors of z?
3
Let r(l) = -11 - 3*l**2 - 2*l**3 + 0*l**2 - 6*l - 3*l**3 + 4*l**3. What are the prime factors of r(-6)?
7, 19
Let h(t) = 14*t**2 + 2*t + 2. Let z be h(-1). Let b(l) = -6*l**2 - 2*l. Let u be b(-3). List the prime factors of (z/4)/((-12)/u).
2, 7
Let u = -88 - -108. Let r = -20 - -7. Let b = r + u. List the prime factors of b.
7
Let m(w) = 3*w + 0*w + 7 + 3 + 21. List the prime factors of m(-7).
2, 5
Suppose p = 5*k - 33, 3*k + 4*p = p + 9. Suppose -3*g - 3 = -k*g. Suppose 2*b + z - 6*z = g, 2*z + 55 = 5*b. What are the prime factors of b?
13
Let c(v) = -v - 2. Let n be c(-4). List the prime factors of 2*(79/n - -3).
5, 17
Suppose w + 2*w = 2*z - 124, -3*w - 3*z - 99 = 0. Let m = -14 - w. Suppose 0*r + 5*r - m = -s, 3*s - 32 = -5*r. List the prime factors of r.
2
Let f = 79 - 75. Let v(r) = 20*r - 1. What are the prime factors of v(f)?
79
Suppose 4*o - 26 = 2*y - 2, -4*y = 0. List the prime factors of o/(-4)*((-875)/15 - -1).
2, 43
What are the prime factors of (702 - -7)*(3 + -1)?
2, 709
Suppose 2194 = -22*l + 24722. List the prime factors of l.
2
Let r = 7 + -7. Suppose 294 = 2*z - r*z. Suppose 0 = -2*o - 5*m + 75, -5*o + 12 = 3*m - z. List the prime factors of o.
2, 3, 5
Suppose 9*i = 3159 + 1116. What are the prime factors of i?
5, 19
Let t = -58 - -132. Let g = -165 + 117. Let f = t + g. What are the prime factors of f?
2, 13
Let s = -510 - -739. Suppose -4*o = 3*k - 214, -5*k + 105 + s = o. What are the prime factors of k?
2, 3, 11
Let l be (-4)/(-10) + 1246/10. Let v be (-5)/4*(-1 + l). What are the prime factors of v/(-5) - 2/(-2)?
2
Let q = -27 + 15. Let c be ((-4)/q - -2)*-3. Let y(w) = w**3 + 9*w**2 + 9*w - 10. What are the prime factors of y(c)?
5
Suppose -2*d + 54 = -36. Suppose 4*j = -8*o + 3*o + d, -5*o + 4*j + 45 = 0. Let r(n) = 2*n + 10. List the prime factors of r(o).
2, 7
Let y = 89 + -53. List the prime factors of y/24*62/3.
31
Suppose 4*k - 4*m - 6449 = -437, 3*k = 5*m + 4503. Suppose -8*p = -2*p - k. List the prime factors of p.
251
Let j = 2652 - 1495. List the prime factors of j.
13, 89
Let f(k) = -3 + 3*k**2 + 2 - k + 3*k. Let t = 3 + -5. List the prime factors of f(t).
7
Suppose 0 = 4*d + 3*p - 9659, -4*d + 5*p + 2768 = -6915. What are the prime factors of d?
2417
Let w(h) = -23*h + 27. List the prime factors of w(-7).
2, 47
Let v(j) = 526*j**3 + 8*j - 8. List the prime factors of v(1).
2, 263
Suppose 411 = 8*h - 1397. What are the prime factors of h?
2, 113
Let f be ((-24)/(-36))/((-2)/9). What are the prime factors of f/1 + 225/5?
2, 3, 7
Let v(o) = o**3 + 6*o**2 - 6*o - 2. Let n be 63/36 + (-2)/(-8). Let k be -8 - -2*(3 - n). List the prime factors of v(k).
2, 17
Let m(h) = h**2 - 5*h + 4. Let u(k) = -k - 13. Let p be u(-18). Let z be m(p). List the prime factors of (-1)/(-2) - (-258)/z.
5, 13
Suppose -19*v - 13*v + 42912 = 0. List the prime factors of v.
3, 149
Let v(r) = 3*r**2 + 5*r + 33. List the prime factors of v(-15).
3, 211
Suppose 10 = 2*o - 26. Let d(z) = -z**3 + 15*z**2 - z + 22. Let l be d(15). Let v = l + o. List the prime factors of v.
5
Let c(r) = 60*r**2 - 1145*r + 23. What are the prime factors of c(20)?
1123
Let b(h) = 62*h**2 - 3*h - 8. What are the prime factors of b(-2)?
2, 3, 41
Suppose 16*z + 536 = 1672. What are the prime factors of z?
71
Let w(y) = 19*y**2 - 4*y - 19. What are the prime factors of w(9)?
2, 7, 53
Let v = 54 - 80. Let a = 69 + v. What are the prime factors of a?
43
Let l be (-2)/2*-1 + -1. Let t = 569 - 565. What are the prime factors of (408/2)/t - l?
3, 17
Let r = -349 - -1331. List the prime factors of r.
2, 491
Let t = 1120 + 64. What are the prime factors of (-1)/((-28)/t) + 2/(-7)?
2, 3, 7
Let q = -109 + 120. Suppose -2191 = -q*n - 387. List the prime factors of n.
2, 41
Suppose -4*c - 2*a = -2*c - 282, -4*a = c - 150. What are the prime factors of c?
2, 3, 23
Let z = -26 + 24. Let x(h) = -36*h + 1. List the prime factors of x(z).
73
Let q = 4 + 0. Suppose 0 = q*o + 31 + 109. List the prime factors of (-14)/o - (-53)/5.
11
Suppose -6*g + 15 = -g. Suppose 0 = 2*p + g*s - 176, 0*p + 2*p = -4*s + 178. What are the prime factors of p?
5, 17
Let j(a) = -a**3 - 2*a**2 + 3*a - 5. Let b be j(-4). Let p = -12 + b. Suppose -2*h + 120 = p*h. What are the prime factors of h?
2, 3
Let y(r) = -r**3 + 8*r**2 - 10*r - 5. Let l be y(6). Suppose l*u - 1043 + 105 = 0. What are the prime factors of u?
2, 67
Suppose 0 = 4*t - 12, -2*f = -4*t + 3*t - 9. Let o(v) be the first derivative of v**4/4 - 5*v**3/3 - 3*v**2/2 + 7*v - 10. What are the prime factors of o(f)?
5
Suppose c + 50*c = 7344. List the prime factors of c.
2, 3
Suppose -3*q = -4*q + 8. Let p = 67 + q. List the prime factors of p.
3, 5
Suppose -6 = -5*c + 14. Suppose 752 = 4*l + c*k, 2*l - k = -2*k + 378. What are the prime factors of l?
2, 5, 19
Suppose 3*z + 6 = 2*z. Let j = z + 20. Suppose -j = 8*l - 10*l. List the prime factors of l.
7
Let b(k) = -8*k - 5. Let h(l) = l**3 + 14*l**2 + l + 10. Let n be h(-14). Let u be b(n). Suppose 24*a + 12 = u*a. What are the prime factors of a?
2
Let h = -1089 + 1548. List the prime factors of h.
3, 17
Suppose -16*p = -6552 - 280. What are the prime factors of p?
7, 61
Suppose -x = 4 - 0. Let h = x - -8. Suppose 0 = h*y + 2*y - 54. What are the prime factors of y?
3
Suppose -2*j - 2*j - k + 4648 = 0, 4*k = 0. Suppose 0 = -7*y + j + 1050. What are the prime factors of y?
2, 79
Let y = 25 - 20. Let g(r) = 9*r - 5*r - 3*r + 6 + y. List the prime factors of g(9).
2, 5
Suppose 0 = 5*v + 5*i - 4040, 5*v - 7*v + 1646 = -4*i. What are the prime factors of v?
3, 271
Let b(v) be the third derivative of v**5/60 - v**4/6 + v**3/3 + v**2. Suppose 56*m = 62*m - 42. List the prime factors of b(m).
23
Let m = -772 + 2218. What are the prime factors of m?
2, 3, 241
Suppose -3*a - 4*s = 20, -a - a = -s - 5. Suppose 18 = -3*w + 5*n, 0 = -3*w - 3*n - a - 18. What are the prime factors of 1*26*(-3)/w?
13
Let m(k) be the third derivative of -k**4/4 - 9*k**3/2 - 14*k**2. What are the prime factors of m(-6)?
3
Let p = -241 - -1886. List the prime factors of p.
5, 7, 47
Let s = 31 - 26. Let m be ((-48)/(-30))/((-2)/s). Let q = 52 + m. What are the prime factors of q?
2, 3
List the prime factors of (80/(-30))/(2462/(-492) - -5).
2, 41
Suppose 0 = -5*r - v + 2238, 12*v - 8*v = 3*r - 1329. What are the prime factors of r?
3, 149
Suppose -h + 0*h + 5*s + 562 = 0, -5*h + 2758 = s. List the prime factors of h.
2, 3, 23
Let d(u) = 2809*u**3 - 18*u**2 + 23*u - 4. What are the prime factors of d(1)?
2, 5, 281
Suppose -4*h = -y - 8, 0 = -4*h - 0*h + 5*y + 8. Suppose -2*m + 6 = -h*t, 2*m - 9 = 4*t - m. Suppose t*x + 4*x - 116 = 0. List the prime factors of x.
29
What are the prime factors of -3 + -942*(-6)/9?
5
Let i = -1578 + 1628. What are the prime factors of i?
2, 5
Suppose 5*f - 130 = -5*n, 28 = 3*n - f - 62. What are the prime factors of n?
29
Suppose 4*h - 3*h - 24 = 0. Suppose 16*x + h = 20*x. What are the prime factors of x?
2, 3
Let p = -102 + 83. Let b(y) = y**3 + 18*y**2 - 23*y + 28. What are the prime factors of b(p)?
2, 13
Let i be (-4)/6 - 2450/(-21). Suppose -2*m + 5*h + i = 0, -2*m = -4*m + 2*h + 110. List the prime factors of m.
53
Let l(f) = -f**3 + 8*f**2 - 5*f + 3. Let a(y) = -y**3 + 5*y**2 + 7*y. Let t be ((-4)/4)/(2/(-12)). Let j be a(t). What are the prime factors of l(j)?
3, 5
Let l(p) = -p**3 + 8*p**2 + 0*p**3 + 0*p**2. Let s be l(8). Suppose m + 4*k - 2 = s, 4*k = -m + 5*k + 12. List the prime factors of m.
2, 5
Let u = -419 + 2339. What are the prime factors of u?
2, 3, 5
What are the prime factors of ((-8022)/(-28))/(2/8)?
2, 3, 191
Let a(f) be the third derivative of f**4/2 + f**3/2 + 5*f**2. List the prime factors of a(1).
3, 5
Suppose 3*j - 28 = 8. Suppose -2*a = 3*i - 8, a + 2*a = 2*i + j. Suppose 0 = -3*k + 2*d + 18, i = -4*k + d - 0*d + 19. List the prime factors of k.
2
Suppose 0 = -6*o - 17 + 161. Let c = 66 - o. List the prime factors of c.
2, 3, 7
Let h(f) = -145*f - 389. List the prime factors of h(-13).
2, 11, 17
Suppose -3*m = -4*l - 6*m + 64, -5*l + 4*m + 49 = 0. Let a = 20 + l. What are the prime factors of a?
3, 11
Suppose -2*x + 19 = -21. Suppose -x = 7*c - 2*c, -2*b + 4*c = -36. What are 